{"id":96,"date":"2015-12-28T09:35:39","date_gmt":"2015-12-28T09:35:39","guid":{"rendered":"http:\/\/yoga-alegria.fr\/?page_id=96"},"modified":"2016-01-04T18:24:49","modified_gmt":"2016-01-04T18:24:49","slug":"yogi-bhajan","status":"publish","type":"page","link":"https:\/\/yoga-alegria.fr\/index.php\/le-tantra\/yogi-bhajan\/","title":{"rendered":"Yogi Bhajan"},"content":{"rendered":"<p style=\"text-align: justify;\"><span style=\"font-family: Tahoma, sans-serif;\"><span style=\"font-size: small;\"><img decoding=\"async\" loading=\"lazy\" class=\"wp-image-98  alignleft\" src=\"http:\/\/yoga-alegria.fr\/wp-content\/uploads\/2015\/12\/yogi_bhajan.png\" alt=\"yogi_bhajan\" width=\"180\" height=\"183\" \/><span style=\"color: #000000;\">A la fin des ann\u00e9es 60, Harbhajan Singh, originaire du Punjab, dans le nord-ouest de l\u2019Inde (aujourd&rsquo;hui devenu le Pakistan) \u00e9tait officier des douanes \u00e0 l\u2019a\u00e9roport de New Delhi. Il voyait d\u00e9filer les hippies, d\u00e9sorient\u00e9s et souvent sous la d\u00e9pendance de drogues diverses, qui \u00e9taient venus chercher quelque chose en Orient et qui repartaient les poches vides apr\u00e8s avoir \u00e9t\u00e9 \u00ab\u00a0pill\u00e9s\u00a0\u00bb par les indiens. En 1968, il prend une lourde d\u00e9cision\u00a0: enseigner au \u00ab\u00a0grand public\u00a0\u00bb, \u00e0 tous les chercheurs de v\u00e9rit\u00e9, le Kundalini Yoga, qui depuis des si\u00e8cles \u00e9tait une discipline secr\u00e8te, r\u00e9serv\u00e9e \u00e0 des disciples chevronn\u00e9s au sein de communaut\u00e9s tr\u00e8s r\u00e9serv\u00e9es, et \u00e0 certains membres des aristocraties et des milieux princiers. Il d\u00e9cide alors de quitter son poste de l\u2019aministration fiscale pour aller en Am\u00e9rique du Nord enseigner \u00e0 tous ces gens ce qu\u2019ils \u00e9taient venus chercher en Inde. Devenu Yogi Bhajan, il s\u2019installe alors en Californie \u00e0 Los Angeles en 1969 et a enseign\u00e9 le yoga et form\u00e9 de nombreux professeurs qui enseingnent aujourd&rsquo;hui dans le monde entier.<\/span><\/span><\/span><\/p>\n<p style=\"text-align: justify;\"><span style=\"font-family: Tahoma, sans-serif; color: #000000;\"><span style=\"font-size: small;\">Yogi Bhajan est d\u00e9c\u00e9d\u00e9 le mercredi 6 octobre 2004 \u00e0 21 heures dans sa maison d\u2019Espagnola &#8211; USA. Il avait 75 ans.<\/span><\/span><\/p>\n","protected":false},"excerpt":{"rendered":"<p>A la fin des ann\u00e9es 60, Harbhajan Singh, originaire du Punjab, dans le nord-ouest de l\u2019Inde (aujourd&rsquo;hui devenu le Pakistan) \u00e9tait officier des douanes \u00e0 l\u2019a\u00e9roport de New Delhi. Il voyait d\u00e9filer les hippies, d\u00e9sorient\u00e9s et souvent sous la d\u00e9pendance de drogues diverses, qui \u00e9taient venus chercher quelque chose en Orient et qui repartaient les [&hellip;]<\/p>\n","protected":false},"author":1,"featured_media":0,"parent":11,"menu_order":0,"comment_status":"closed","ping_status":"closed","template":"","meta":[],"_links":{"self":[{"href":"https:\/\/yoga-alegria.fr\/index.php\/wp-json\/wp\/v2\/pages\/96"}],"collection":[{"href":"https:\/\/yoga-alegria.fr\/index.php\/wp-json\/wp\/v2\/pages"}],"about":[{"href":"https:\/\/yoga-alegria.fr\/index.php\/wp-json\/wp\/v2\/types\/page"}],"author":[{"embeddable":true,"href":"https:\/\/yoga-alegria.fr\/index.php\/wp-json\/wp\/v2\/users\/1"}],"replies":[{"embeddable":true,"href":"https:\/\/yoga-alegria.fr\/index.php\/wp-json\/wp\/v2\/comments?post=96"}],"version-history":[{"count":3,"href":"https:\/\/yoga-alegria.fr\/index.php\/wp-json\/wp\/v2\/pages\/96\/revisions"}],"predecessor-version":[{"id":227,"href":"https:\/\/yoga-alegria.fr\/index.php\/wp-json\/wp\/v2\/pages\/96\/revisions\/227"}],"up":[{"embeddable":true,"href":"https:\/\/yoga-alegria.fr\/index.php\/wp-json\/wp\/v2\/pages\/11"}],"wp:attachment":[{"href":"https:\/\/yoga-alegria.fr\/index.php\/wp-json\/wp\/v2\/media?parent=96"}],"curies":[{"name":"wp","href":"https:\/\/api.w.org\/{rel}","templated":true}]}}