{"id":93,"date":"2015-12-28T09:32:52","date_gmt":"2015-12-28T09:32:52","guid":{"rendered":"http:\/\/yoga-alegria.fr\/?page_id=93"},"modified":"2016-05-10T09:47:31","modified_gmt":"2016-05-10T08:47:31","slug":"la-voie-du-tantra","status":"publish","type":"page","link":"https:\/\/yoga-alegria.fr\/index.php\/le-tantra\/la-voie-du-tantra\/","title":{"rendered":"La voie du Tantra"},"content":{"rendered":"<p align=\"JUSTIFY\"><span style=\"color: #000000;\"><span style=\"font-family: Tahoma, sans-serif;\"><span style=\"font-size: small;\">Le Tantra est avant tout une voie qui dit <b>Oui \u00e0 la vie, qui dit Oui \u00e0 ce qui est<\/b> . Il ne s&rsquo;agit pas de changer ce qui est pour ce qui devrait \u00eatre, attitude volontariste et morale, il s&rsquo;agit simplement de voir ce qui est. Le Tantra n&rsquo;a pas d&rsquo;autre buts que de nous faire voire les choses telles qu&rsquo;elles sont, de nous faire vivre dans la V\u00e9rit\u00e9.<img decoding=\"async\" loading=\"lazy\" class=\"size-medium wp-image-559 alignright\" src=\"http:\/\/yoga-alegria.fr\/wp-content\/uploads\/2015\/12\/Copie-de-PB020770-300x300.jpg\" alt=\"\" width=\"300\" height=\"300\" srcset=\"https:\/\/yoga-alegria.fr\/wp-content\/uploads\/2015\/12\/Copie-de-PB020770-300x300.jpg 300w, https:\/\/yoga-alegria.fr\/wp-content\/uploads\/2015\/12\/Copie-de-PB020770-150x150.jpg 150w, https:\/\/yoga-alegria.fr\/wp-content\/uploads\/2015\/12\/Copie-de-PB020770-768x769.jpg 768w, https:\/\/yoga-alegria.fr\/wp-content\/uploads\/2015\/12\/Copie-de-PB020770-1024x1024.jpg 1024w\" sizes=\"(max-width: 300px) 100vw, 300px\" \/><\/p>\n<p><\/span><\/span><\/span><\/p>\n<p align=\"JUSTIFY\"><span style=\"color: #000000;\"><span style=\"font-family: Tahoma, sans-serif;\"><span style=\"font-size: small;\">Au d\u00e9part, tout \u00eatre humain vit dans une v\u00e9rit\u00e9 tout \u00e0 fait relative, une v\u00e9rit\u00e9 personnelle faite de croyances, de conditionnements, de certitudes emprunt\u00e9es. Cette v\u00e9rit\u00e9 est \u00e0 l&rsquo;\u00e9chelle humaine, petite, fragile, et g\u00e9n\u00e9ratrice de conflits car elle s&rsquo;oppose toujours \u00e0 d&rsquo;autres v\u00e9rit\u00e9s, toutes aussi fragiles, aussi relatives.<br \/>\n<\/span><\/span><\/span><\/p>\n<p align=\"JUSTIFY\"><span style=\"color: #000000;\"><span style=\"font-family: Tahoma, sans-serif;\"><span style=\"font-size: small;\">Au-del\u00e0 de chaque v\u00e9rit\u00e9 particuli\u00e8re, relative \u00e0 chaque individu, son \u00e9poque et son conditionnement socioculturel, le Tantra affirme qu&rsquo;il existe une <b>V\u00e9rit\u00e9<\/b>\u00a0<b>Universelle<\/b>, une <b>V\u00e9rit\u00e9<\/b> qui est vraie pour tous, qui l&rsquo;a toujours \u00e9t\u00e9, qui le sera toujours. Cette <b>V\u00e9rit\u00e9<\/b>, \u00e0 l&rsquo;inverse de l&rsquo;autre, est, <b>Amour<\/b> et <b>Cr\u00e9ativit\u00e9<\/b>.<br \/>\n<\/span><\/span><\/span><\/p>\n<p align=\"JUSTIFY\"><span style=\"color: #000000;\"><span style=\"font-family: Tahoma, sans-serif;\"><span style=\"font-size: small;\">La \u00ab\u00a0<b>Voie du Tantra<\/b>\u00a0\u00bb nous montre le chemin pour aller de l&rsquo;une \u00e0 l&rsquo;autre. Mais attention, la <b>V\u00e9rit\u00e9<\/b> <b>Universelle<\/b>, contrairement \u00e0 la v\u00e9rit\u00e9 particuli\u00e8re qui aime les mots et les d\u00e9finitions, est impalpable par le biais des mots. Notre mental ne peut la comprendre car elle est trop vaste, \u00e9ternelle, infinie, elle est l&rsquo;essence de <b>tout ce qui<\/b> <b>Est<\/b>&#8230; Comment la r\u00e9duire \u00e0 des phrases, \u00e0 des mots, \u00e0 des formules&#8230; La <b>V\u00e9rit\u00e9<\/b> <b>Universelle<\/b> ne peut vraiment se saisir que par l&rsquo;intelligence du <b>Coeur<\/b>&#8230; Dans le silence de la m\u00e9ditation.<\/span><\/span><\/span><\/p>\n<p><\/br><br \/>\n[player id=600]<\/p>\n","protected":false},"excerpt":{"rendered":"<p>Le Tantra est avant tout une voie qui dit Oui \u00e0 la vie, qui dit Oui \u00e0 ce qui est . Il ne s&rsquo;agit pas de changer ce qui est pour ce qui devrait \u00eatre, attitude volontariste et morale, il s&rsquo;agit simplement de voir ce qui est. Le Tantra n&rsquo;a pas d&rsquo;autre buts que de [&hellip;]<\/p>\n","protected":false},"author":1,"featured_media":0,"parent":11,"menu_order":0,"comment_status":"closed","ping_status":"closed","template":"","meta":[],"_links":{"self":[{"href":"https:\/\/yoga-alegria.fr\/index.php\/wp-json\/wp\/v2\/pages\/93"}],"collection":[{"href":"https:\/\/yoga-alegria.fr\/index.php\/wp-json\/wp\/v2\/pages"}],"about":[{"href":"https:\/\/yoga-alegria.fr\/index.php\/wp-json\/wp\/v2\/types\/page"}],"author":[{"embeddable":true,"href":"https:\/\/yoga-alegria.fr\/index.php\/wp-json\/wp\/v2\/users\/1"}],"replies":[{"embeddable":true,"href":"https:\/\/yoga-alegria.fr\/index.php\/wp-json\/wp\/v2\/comments?post=93"}],"version-history":[{"count":7,"href":"https:\/\/yoga-alegria.fr\/index.php\/wp-json\/wp\/v2\/pages\/93\/revisions"}],"predecessor-version":[{"id":603,"href":"https:\/\/yoga-alegria.fr\/index.php\/wp-json\/wp\/v2\/pages\/93\/revisions\/603"}],"up":[{"embeddable":true,"href":"https:\/\/yoga-alegria.fr\/index.php\/wp-json\/wp\/v2\/pages\/11"}],"wp:attachment":[{"href":"https:\/\/yoga-alegria.fr\/index.php\/wp-json\/wp\/v2\/media?parent=93"}],"curies":[{"name":"wp","href":"https:\/\/api.w.org\/{rel}","templated":true}]}}