{"id":862,"date":"2020-06-10T19:31:22","date_gmt":"2020-06-10T18:31:22","guid":{"rendered":"http:\/\/yoga-alegria.fr\/?page_id=862"},"modified":"2025-12-25T11:59:24","modified_gmt":"2025-12-25T10:59:24","slug":"actu-4","status":"publish","type":"page","link":"https:\/\/yoga-alegria.fr\/index.php\/actu-4\/","title":{"rendered":"HUTTE \u00e0 SUDATION    \u00ab\u00a0INIPI\u00a0\u00bb  \u00e0 la Chapelle Chauss\u00e9e"},"content":{"rendered":"<h3>Le Samedi 13 Juin 2026, \u00e0 la Chapelle chauss\u00e9e, l&rsquo;association Microcosme, en partenariat avec l\u2019association Awen yoga, organise un Inipi, hutte \u00e0 sudation de tradition am\u00e9rindienne, enseign\u00e9e par l&rsquo;homme m\u00e9decine Sioux Lakota: Archie Fire Lame Deer<\/h3>\n<h2 align=\"left\"><strong><em><span style=\"font-family: ComicSansMS, cursive;\"><span style=\"font-size: small;\">Cette c\u00e9r\u00e9monie de purification et de reliance avec les forces de la Nature se fera en relation avec l&rsquo;\u00e9quinoxe d&rsquo;automne, moment de c\u00e9l\u00e9bration privil\u00e9gi\u00e9.\u00a0 <\/span><\/span><span style=\"font-family: ComicSansMS, cursive;\"><span style=\"font-size: small;\">Sous une hutte en saule, en relation avec la nature et le grand esprit, nous nous retrouverons <\/span><\/span><span style=\"font-family: ComicSansMS, cursive;\"><span style=\"font-size: small;\">dans le silence, les rires, les chants, la m\u00e9ditation pour notre purification et la <\/span><\/span><span style=\"font-family: ComicSansMS, cursive;\"><span style=\"font-size: small;\">gu\u00e9rison de notre m\u00e8re la Terre. La hutte et l\u2019obscurit\u00e9 nous relient \u00e0 la Terre M\u00e8re, la <\/span><\/span><span style=\"font-family: ComicSansMS, cursive;\"><span style=\"font-size: small;\">respiration \u00e0 l\u2019Air, le brasier ext\u00e9rieur et les pierres chaudes au Feu, leur arrosage et la sueur \u00e0 l\u2019Eau,.<\/span><\/span><\/em><\/strong><\/h2>\n<p><strong><em><span style=\"font-family: ComicSansMS, cursive;\"><span style=\"font-size: small;\">Dans cet \u00e9tat \u00e0 la fois vuln\u00e9rable et reli\u00e9, peut s\u2019op\u00e9rer en chacun un nettoyage, une vision <\/span><\/span><span style=\"font-family: ComicSansMS, cursive;\"><span style=\"font-size: small;\">plus nette de sa destin\u00e9e et la possibilit\u00e9 d\u2019un ajustement dans le parcours de vie. <\/span><\/span><span style=\"font-family: ComicSansMS, cursive;\"><span style=\"font-size: small;\">Nous ferons aussi circuler le b\u00e2ton de parole dans le cercle sacr\u00e9 et partagerons des <\/span><\/span><span style=\"font-family: ComicSansMS, cursive;\"><span style=\"font-size: small;\">m\u00e9ditations laissant place au chant et \u00e0 la danse.<\/span><\/span><\/em><\/strong><\/p>\n<p><strong><em><span style=\"font-family: ComicSansMS, cursive;\"><span style=\"font-size: small;\">Une sadhana (pratique de kundalini yoga au lever du jour, de chants, de m\u00e9ditation) sera <\/span><\/span><span style=\"font-family: ComicSansMS, cursive;\"><span style=\"font-size: small;\">propos\u00e9e dimanche matin. Elle se pratique en tenue blanche si possible. Elle sera suivie du petit <\/span><\/span><\/em><\/strong><span style=\"font-family: ComicSansMS, cursive;\"><span style=\"font-size: small;\"><strong><em>d\u00e9jeuner pris ensemble, puis chacun rentrera chez lui vers 10 heures.<\/em><\/strong><br \/>\n<\/span><\/span><\/p>\n<h2 align=\"left\"><span style=\"font-family: Comic Sans MS, cursive;\"><span style=\"font-size: small;\">Date: du<span style=\"font-size: large;\"><b> samedi 13 Juin \u00e0 15<\/b><\/span><span style=\"font-size: large;\"><b>h00 <\/b><\/span><b>au <\/b><span style=\"font-size: large;\"><b>dimanche<\/b><\/span><span style=\"font-size: large;\"><b> 14 Juin<\/b><\/span><b>\u00a0<\/b><span style=\"font-size: medium;\"><b>vers 10 heures<\/b><\/span><b> <\/b><\/span><\/span><\/h2>\n<p><strong>Tarif:\u00a0\u00a0 70\u20ac. Chacun apporte sa literie de dessus (duvet, ou drap, nous avons des couvertures), et un repas l\u00e9ger pour le soir.<\/strong><\/p>\n<p><em><strong>Lieu:\u00a0 4, l&rsquo;Hotel Harel, 35630\u00a0 LA CHAPELLE CHAUSSEE<\/strong><\/em><\/p>\n","protected":false},"excerpt":{"rendered":"<p>Le Samedi 13 Juin 2026, \u00e0 la Chapelle chauss\u00e9e, l&rsquo;association Microcosme, en partenariat avec l\u2019association Awen yoga, organise un Inipi, hutte \u00e0 sudation de tradition am\u00e9rindienne, enseign\u00e9e par l&rsquo;homme m\u00e9decine Sioux Lakota: Archie Fire Lame Deer Cette c\u00e9r\u00e9monie de purification et de reliance avec les forces de la Nature se fera en relation avec l&rsquo;\u00e9quinoxe [&hellip;]<\/p>\n","protected":false},"author":1,"featured_media":0,"parent":0,"menu_order":0,"comment_status":"closed","ping_status":"closed","template":"","meta":[],"_links":{"self":[{"href":"https:\/\/yoga-alegria.fr\/index.php\/wp-json\/wp\/v2\/pages\/862"}],"collection":[{"href":"https:\/\/yoga-alegria.fr\/index.php\/wp-json\/wp\/v2\/pages"}],"about":[{"href":"https:\/\/yoga-alegria.fr\/index.php\/wp-json\/wp\/v2\/types\/page"}],"author":[{"embeddable":true,"href":"https:\/\/yoga-alegria.fr\/index.php\/wp-json\/wp\/v2\/users\/1"}],"replies":[{"embeddable":true,"href":"https:\/\/yoga-alegria.fr\/index.php\/wp-json\/wp\/v2\/comments?post=862"}],"version-history":[{"count":29,"href":"https:\/\/yoga-alegria.fr\/index.php\/wp-json\/wp\/v2\/pages\/862\/revisions"}],"predecessor-version":[{"id":1430,"href":"https:\/\/yoga-alegria.fr\/index.php\/wp-json\/wp\/v2\/pages\/862\/revisions\/1430"}],"wp:attachment":[{"href":"https:\/\/yoga-alegria.fr\/index.php\/wp-json\/wp\/v2\/media?parent=862"}],"curies":[{"name":"wp","href":"https:\/\/api.w.org\/{rel}","templated":true}]}}

HUTTE à SUDATION    « INIPI »  à la Chapelle Chaussée

<h3>Le Samedi 13 Juin 2026, à la Chapelle chaussée, l&rsquo;association Microcosme, en partenariat avec l’association Awen yoga, organise un Inipi, hutte à sudation de tradition amérindienne, enseignée par l&rsquo;homme médecine Sioux Lakota: Archie Fire Lame Deer</h3>
<h2 align="left"><strong><em><span style="font-family: ComicSansMS, cursive;"><span style="font-size: small;">Cette cérémonie de purification et de reliance avec les forces de la Nature se fera en relation avec l&rsquo;équinoxe d&rsquo;automne, moment de célébration privilégié.  </span></span><span style="font-family: ComicSansMS, cursive;"><span style="font-size: small;">Sous une hutte en saule, en relation avec la nature et le grand esprit, nous nous retrouverons </span></span><span style="font-family: ComicSansMS, cursive;"><span style="font-size: small;">dans le silence, les rires, les chants, la méditation pour notre purification et la </span></span><span style="font-family: ComicSansMS, cursive;"><span style="font-size: small;">guérison de notre mère la Terre. La hutte et l’obscurité nous relient à la Terre Mère, la </span></span><span style="font-family: ComicSansMS, cursive;"><span style="font-size: small;">respiration à l’Air, le brasier extérieur et les pierres chaudes au Feu, leur arrosage et la sueur à l’Eau,.</span></span></em></strong></h2>
<p><strong><em><span style="font-family: ComicSansMS, cursive;"><span style="font-size: small;">Dans cet état à la fois vulnérable et relié, peut s’opérer en chacun un nettoyage, une vision </span></span><span style="font-family: ComicSansMS, cursive;"><span style="font-size: small;">plus nette de sa destinée et la possibilité d’un ajustement dans le parcours de vie. </span></span><span style="font-family: ComicSansMS, cursive;"><span style="font-size: small;">Nous ferons aussi circuler le bâton de parole dans le cercle sacré et partagerons des </span></span><span style="font-family: ComicSansMS, cursive;"><span style="font-size: small;">méditations laissant place au chant et à la danse.</span></span></em></strong></p>
<p><strong><em><span style="font-family: ComicSansMS, cursive;"><span style="font-size: small;">Une sadhana (pratique de kundalini yoga au lever du jour, de chants, de méditation) sera </span></span><span style="font-family: ComicSansMS, cursive;"><span style="font-size: small;">proposée dimanche matin. Elle se pratique en tenue blanche si possible. Elle sera suivie du petit </span></span></em></strong><span style="font-family: ComicSansMS, cursive;"><span style="font-size: small;"><strong><em>déjeuner pris ensemble, puis chacun rentrera chez lui vers 10 heures.</em></strong><br />
</span></span></p>
<h2 align="left"><span style="font-family: Comic Sans MS, cursive;"><span style="font-size: small;">Date: du<span style="font-size: large;"><b> samedi 13 Juin à 15</b></span><span style="font-size: large;"><b>h00 </b></span><b>au </b><span style="font-size: large;"><b>dimanche</b></span><span style="font-size: large;"><b> 14 Juin</b></span><b> </b><span style="font-size: medium;"><b>vers 10 heures</b></span><b> </b></span></span></h2>
<p><strong>Tarif:   70€. Chacun apporte sa literie de dessus (duvet, ou drap, nous avons des couvertures), et un repas léger pour le soir.</strong></p>
<p><em><strong>Lieu:  4, l&rsquo;Hotel Harel, 35630  LA CHAPELLE CHAUSSEE</strong></em></p>

<p>Le Samedi 13 Juin 2026, à la Chapelle chaussée, l&rsquo;association Microcosme, en partenariat avec l’association Awen yoga, organise un Inipi, hutte à sudation de tradition amérindienne, enseignée par l&rsquo;homme médecine Sioux Lakota: Archie Fire Lame Deer Cette cérémonie de purification et de reliance avec les forces de la Nature se fera en relation avec l&rsquo;équinoxe [&hellip;]</p>
