{"id":82,"date":"2017-03-28T09:22:09","date_gmt":"2017-03-28T08:22:09","guid":{"rendered":"http:\/\/yoga-alegria.fr\/?page_id=82"},"modified":"2025-12-25T11:56:31","modified_gmt":"2025-12-25T10:56:31","slug":"programme-tarifs","status":"publish","type":"page","link":"https:\/\/yoga-alegria.fr\/index.php\/les-stages\/programme-tarifs\/","title":{"rendered":"Programme &#038; Tarifs"},"content":{"rendered":"\n<ul>\n<li><strong><em>POUR LA RENTREE 2025\/2026, et l\u2019ann\u00e9e \u00e0 venir, voici les dates et les activit\u00e9s:<\/em><\/strong><br><br><\/li>\n\n\n\n<li><strong>Les 14, 15 et 16 F\u00e9vrier 2026<\/strong> <strong>\u00e0 la Chapelle Chauss\u00e9e, <\/strong><em><strong>stage de Kundalini Yoga sur le th\u00e8me de \u00ab&nbsp;La m\u00e9ditation&nbsp;\u00bb<\/strong><\/em> .&nbsp; Voir onglet \u00ab&nbsp;Stages de Kundalini Yoga&nbsp;\u00bb . <strong>Le stage d\u00e9bute la veille, le&nbsp; Vendredi 13 \u00e0 18H. Il se termine le <\/strong>Lundi 16 F\u00e9vrier<strong> vers 18H. Le tarif tout inclus est de 330\u20ac<\/strong><em>. Vous \u00eates totalement pris en charge au niveau h\u00e9bergement et restauration.<\/em><br><\/li>\n\n\n\n<li><strong>Le Dimanche 29 Mars 2026, \u00e0 la Chapelle Chauss\u00e9e, respiration holotropique,<\/strong> enrichie de pratiques de Kundalini Yoga, sadhana et tour de cercle de parole. RV le Samedi 28 Mars 18h et nous finirons le Dimanche 29 Mars vers 18h. <strong>Tarif : 110\u20ac.<\/strong><br><\/li>\n\n\n\n<li><strong>Les 8, 9, et 10 Mai 2026 \u00e0 la Chapelle Chauss\u00e9e, Tantra Rencontre.<\/strong> Le stage d\u00e9bute la veille, le Jeudi 7 \u00e0 18H. Il se termine le Dimanche 10 vers 18H.<strong> Le tarif tout inclus est de 330\u20ac<\/strong>. Voir onglet: Stages\/ Tantra Rencontre et<strong> onglet: STAGES \/ programme et tarifs<\/strong>.<br><\/li>\n\n\n\n<li><strong>Le 13 Juin 2026, \u00e0 la Chapelle Chauss\u00e9e, Inipi, hutte \u00e0 sudation <\/strong>dans la tradition Sioux Lakota. Vous arrivez Samedi \u00e0 15H, vous repartirez le dimanche 14 Juin vers 10H apr\u00e8s la sadhana matinale et le petit d\u00e9jeuner (inclus). Voir onglet \u00ab\u00a0Stages\/Inipi\u00a0\u00bb . <strong>Tarif 70\u20ac, vous amenez votre diner du soir \u00e0 partager.<\/strong><\/li>\n\n\n\n<li><strong>Les 12, 13, 14, et 15 Juillet 2026 \u00e0 la Chapelle Chauss\u00e9e<\/strong>, Stage de Kundalini Yoga sur le th\u00e8me des 4 \u00e9l\u00e9ments. Le stage d\u00e9bute le Dimanche 12 juillet \u00e0 9H, et se termine le 15, vers 18H; Voir onglet \u00ab\u00a0Stages de Kundalini Yoga\u00a0\u00bb. Vous \u00eates pris en charge compl\u00e8tement, h\u00e9bergement et restauration inclus,<strong> le Tarif est de 440\u20ac<\/strong><\/li>\n<\/ul>\n\n\n<p><!-- \/wp:paragraph --><\/p>\n<p><strong>&nbsp;<\/strong><\/p>\n<ul>\n<li><strong><em>Pour toute information compl\u00e9mentaire<\/em>, s&rsquo;adresser \u00e0 :<\/strong><\/li>\n<\/ul>\n<ul>\n<li><strong>Claudie Daniel : 06 11 46 04 22&nbsp;&nbsp;&nbsp;&nbsp; claudiegyan@gmail.com<\/strong><\/li>\n<li><strong>Jean Vicq :&nbsp; &nbsp; &nbsp; &nbsp;06 78 01 74 04&nbsp;&nbsp;&nbsp;&nbsp;&nbsp;&nbsp;&nbsp;&nbsp;&nbsp; jeanvicq@gmail.com<\/strong><\/li>\n<\/ul>\n<p><span style=\"color: #000000;\"><em>NB : Si vous avez <strong>un souci financier, ne renoncez pas,<\/strong> mais parlez-en avec nous: nous trouverons une solution ensemble.<\/em><\/span><\/p>\n\n\t\t<style type=\"text\/css\">\n\t\t\t#gallery-1 {\n\t\t\t\tmargin: auto;\n\t\t\t}\n\t\t\t#gallery-1 .gallery-item {\n\t\t\t\tfloat: left;\n\t\t\t\tmargin-top: 10px;\n\t\t\t\ttext-align: center;\n\t\t\t\twidth: 33%;\n\t\t\t}\n\t\t\t#gallery-1 img {\n\t\t\t\tborder: 2px solid #cfcfcf;\n\t\t\t}\n\t\t\t#gallery-1 .gallery-caption {\n\t\t\t\tmargin-left: 0;\n\t\t\t}\n\t\t\t\/* see gallery_shortcode() in wp-includes\/media.php *\/\n\t\t<\/style>\n\t\t<div id='gallery-1' class='gallery galleryid-82 gallery-columns-3 gallery-size-medium'><dl class='gallery-item'>\n\t\t\t<dt class='gallery-icon landscape'>\n\t\t\t\t<a href='https:\/\/yoga-alegria.fr\/index.php\/les-stages\/programme-tarifs\/olympus-digital-camera-37\/'><img width=\"300\" height=\"225\" src=\"https:\/\/yoga-alegria.fr\/wp-content\/uploads\/2017\/03\/P7088830-300x225.jpg\" class=\"attachment-medium size-medium\" alt=\"\" decoding=\"async\" loading=\"lazy\" srcset=\"https:\/\/yoga-alegria.fr\/wp-content\/uploads\/2017\/03\/P7088830-300x225.jpg 300w, https:\/\/yoga-alegria.fr\/wp-content\/uploads\/2017\/03\/P7088830-768x576.jpg 768w, https:\/\/yoga-alegria.fr\/wp-content\/uploads\/2017\/03\/P7088830-1024x768.jpg 1024w, https:\/\/yoga-alegria.fr\/wp-content\/uploads\/2017\/03\/P7088830-135x100.jpg 135w\" sizes=\"(max-width: 300px) 100vw, 300px\" \/><\/a>\n\t\t\t<\/dt><\/dl><dl class='gallery-item'>\n\t\t\t<dt class='gallery-icon landscape'>\n\t\t\t\t<a href='https:\/\/yoga-alegria.fr\/index.php\/les-stages\/programme-tarifs\/olympus-digital-camera-38\/'><img width=\"300\" height=\"225\" src=\"https:\/\/yoga-alegria.fr\/wp-content\/uploads\/2017\/03\/P7078745-300x225.jpg\" class=\"attachment-medium size-medium\" alt=\"\" decoding=\"async\" loading=\"lazy\" srcset=\"https:\/\/yoga-alegria.fr\/wp-content\/uploads\/2017\/03\/P7078745-300x225.jpg 300w, https:\/\/yoga-alegria.fr\/wp-content\/uploads\/2017\/03\/P7078745-768x576.jpg 768w, https:\/\/yoga-alegria.fr\/wp-content\/uploads\/2017\/03\/P7078745-1024x768.jpg 1024w, https:\/\/yoga-alegria.fr\/wp-content\/uploads\/2017\/03\/P7078745-135x100.jpg 135w\" sizes=\"(max-width: 300px) 100vw, 300px\" \/><\/a>\n\t\t\t<\/dt><\/dl><dl class='gallery-item'>\n\t\t\t<dt class='gallery-icon portrait'>\n\t\t\t\t<a href='https:\/\/yoga-alegria.fr\/index.php\/les-stages\/linipi\/olympus-digital-camera-9\/'><img width=\"225\" height=\"300\" src=\"https:\/\/yoga-alegria.fr\/wp-content\/uploads\/2015\/12\/Copie-de-P9020138-225x300.jpg\" class=\"attachment-medium size-medium\" alt=\"\" decoding=\"async\" loading=\"lazy\" srcset=\"https:\/\/yoga-alegria.fr\/wp-content\/uploads\/2015\/12\/Copie-de-P9020138-225x300.jpg 225w, https:\/\/yoga-alegria.fr\/wp-content\/uploads\/2015\/12\/Copie-de-P9020138-768x1024.jpg 768w\" sizes=\"(max-width: 225px) 100vw, 225px\" \/><\/a>\n\t\t\t<\/dt><\/dl><br style=\"clear: both\" \/><dl class='gallery-item'>\n\t\t\t<dt class='gallery-icon landscape'>\n\t\t\t\t<a href='https:\/\/yoga-alegria.fr\/index.php\/les-stages\/linipi\/img_3826\/'><img width=\"300\" height=\"225\" src=\"https:\/\/yoga-alegria.fr\/wp-content\/uploads\/2015\/12\/IMG_3826-300x225.jpg\" class=\"attachment-medium size-medium\" alt=\"\" decoding=\"async\" loading=\"lazy\" srcset=\"https:\/\/yoga-alegria.fr\/wp-content\/uploads\/2015\/12\/IMG_3826-300x225.jpg 300w, https:\/\/yoga-alegria.fr\/wp-content\/uploads\/2015\/12\/IMG_3826-768x576.jpg 768w, https:\/\/yoga-alegria.fr\/wp-content\/uploads\/2015\/12\/IMG_3826-1024x768.jpg 1024w, https:\/\/yoga-alegria.fr\/wp-content\/uploads\/2015\/12\/IMG_3826-135x100.jpg 135w\" sizes=\"(max-width: 300px) 100vw, 300px\" \/><\/a>\n\t\t\t<\/dt><\/dl><dl class='gallery-item'>\n\t\t\t<dt class='gallery-icon landscape'>\n\t\t\t\t<a href='https:\/\/yoga-alegria.fr\/index.php\/texte-accueil-du-site\/copie-de-image-logo-microcosme\/'><img width=\"300\" height=\"225\" src=\"https:\/\/yoga-alegria.fr\/wp-content\/uploads\/2016\/05\/Copie-de-image-logo-microcosme-300x225.jpg\" class=\"attachment-medium size-medium\" alt=\"\" decoding=\"async\" loading=\"lazy\" srcset=\"https:\/\/yoga-alegria.fr\/wp-content\/uploads\/2016\/05\/Copie-de-image-logo-microcosme-300x225.jpg 300w, https:\/\/yoga-alegria.fr\/wp-content\/uploads\/2016\/05\/Copie-de-image-logo-microcosme-768x576.jpg 768w, https:\/\/yoga-alegria.fr\/wp-content\/uploads\/2016\/05\/Copie-de-image-logo-microcosme-1024x768.jpg 1024w, https:\/\/yoga-alegria.fr\/wp-content\/uploads\/2016\/05\/Copie-de-image-logo-microcosme-135x100.jpg 135w, https:\/\/yoga-alegria.fr\/wp-content\/uploads\/2016\/05\/Copie-de-image-logo-microcosme.jpg 2048w\" sizes=\"(max-width: 300px) 100vw, 300px\" \/><\/a>\n\t\t\t<\/dt><\/dl><dl class='gallery-item'>\n\t\t\t<dt class='gallery-icon landscape'>\n\t\t\t\t<a href='https:\/\/yoga-alegria.fr\/index.php\/laccompagnement\/la-meditation\/olympus-digital-camera-18\/'><img width=\"300\" height=\"225\" src=\"https:\/\/yoga-alegria.fr\/wp-content\/uploads\/2015\/12\/P1238038-1-300x225.jpg\" class=\"attachment-medium size-medium\" alt=\"\" decoding=\"async\" loading=\"lazy\" srcset=\"https:\/\/yoga-alegria.fr\/wp-content\/uploads\/2015\/12\/P1238038-1-300x225.jpg 300w, https:\/\/yoga-alegria.fr\/wp-content\/uploads\/2015\/12\/P1238038-1-768x576.jpg 768w, https:\/\/yoga-alegria.fr\/wp-content\/uploads\/2015\/12\/P1238038-1-1024x768.jpg 1024w, https:\/\/yoga-alegria.fr\/wp-content\/uploads\/2015\/12\/P1238038-1-135x100.jpg 135w\" sizes=\"(max-width: 300px) 100vw, 300px\" \/><\/a>\n\t\t\t<\/dt><\/dl><br style=\"clear: both\" \/>\n\t\t<\/div>\n\n<h4>&nbsp;<\/h4>\n<h2>&nbsp;<\/h2>\n<h2>&nbsp;<\/h2>\n<h2>&nbsp;<\/h2>\n<h3>&nbsp;<\/h3>\n<div><img alt=\"\"><\/div>","protected":false},"excerpt":{"rendered":"<p>&nbsp; Pour toute information compl\u00e9mentaire, s&rsquo;adresser \u00e0 : Claudie Daniel : 06 11 46 04 22&nbsp;&nbsp;&nbsp;&nbsp; claudiegyan@gmail.com Jean Vicq :&nbsp; &nbsp; &nbsp; &nbsp;06 78 01 74 04&nbsp;&nbsp;&nbsp;&nbsp;&nbsp;&nbsp;&nbsp;&nbsp;&nbsp; jeanvicq@gmail.com NB : Si vous avez un souci financier, ne renoncez pas, mais parlez-en avec nous: nous trouverons une solution ensemble. &nbsp; &nbsp; &nbsp; &nbsp; &nbsp;<\/p>\n","protected":false},"author":1,"featured_media":0,"parent":9,"menu_order":0,"comment_status":"closed","ping_status":"closed","template":"","meta":[],"_links":{"self":[{"href":"https:\/\/yoga-alegria.fr\/index.php\/wp-json\/wp\/v2\/pages\/82"}],"collection":[{"href":"https:\/\/yoga-alegria.fr\/index.php\/wp-json\/wp\/v2\/pages"}],"about":[{"href":"https:\/\/yoga-alegria.fr\/index.php\/wp-json\/wp\/v2\/types\/page"}],"author":[{"embeddable":true,"href":"https:\/\/yoga-alegria.fr\/index.php\/wp-json\/wp\/v2\/users\/1"}],"replies":[{"embeddable":true,"href":"https:\/\/yoga-alegria.fr\/index.php\/wp-json\/wp\/v2\/comments?post=82"}],"version-history":[{"count":166,"href":"https:\/\/yoga-alegria.fr\/index.php\/wp-json\/wp\/v2\/pages\/82\/revisions"}],"predecessor-version":[{"id":1428,"href":"https:\/\/yoga-alegria.fr\/index.php\/wp-json\/wp\/v2\/pages\/82\/revisions\/1428"}],"up":[{"embeddable":true,"href":"https:\/\/yoga-alegria.fr\/index.php\/wp-json\/wp\/v2\/pages\/9"}],"wp:attachment":[{"href":"https:\/\/yoga-alegria.fr\/index.php\/wp-json\/wp\/v2\/media?parent=82"}],"curies":[{"name":"wp","href":"https:\/\/api.w.org\/{rel}","templated":true}]}}