{"id":69,"date":"2015-12-28T08:55:17","date_gmt":"2015-12-28T08:55:17","guid":{"rendered":"http:\/\/yoga-alegria.fr\/?page_id=69"},"modified":"2021-07-05T18:57:25","modified_gmt":"2021-07-05T17:57:25","slug":"stages-de-tantra-rencontre","status":"publish","type":"page","link":"https:\/\/yoga-alegria.fr\/index.php\/les-stages\/stages-de-tantra-rencontre\/","title":{"rendered":"Stages de Tantra Rencontre"},"content":{"rendered":"<p class=\"western\" style=\"text-align: justify;\"><strong><span style=\"font-family: Tahoma, sans-serif;\"><span style=\"font-size: small;\">Vous rencontrez une difficult\u00e9 pour continuer \u00e0 avancer sur votre chemin de vie et d&rsquo;\u00e9volution. Ou tout simplement vous souhaitez exp\u00e9rimenter les outils de la tradition tantrique\u00a0 et aller plus loin dans votre \u00e9panouissement, dans la conscience ?\u00a0 Nous organisons des stages dits \u00ab\u00a0Tantra Rencontre avec soi-m\u00eame\u00a0\u00bb, mis au point par JJ Rigou, qui vous permettront de progresser dans la conscience de ce que vous \u00eates et vivez, et dans le d\u00e9passement des difficult\u00e9s que vous rencontrez.<br \/>\n<\/span><\/span><\/strong><\/p>\n<p><span style=\"font-family: Tahoma, sans-serif;\"><span style=\"font-size: small;\">Au sein d\u2019un groupe chaleureux et convivial,\u00a0se cr\u00e9e une alchimie\u00a0et un terreau propice \u00e0 l\u2019\u00e9mergence d&rsquo;une nouvelle conscience vos probl\u00e9matiques.\u00a0 Vous pouvez laisser \u00e9merger vos\u00a0pr\u00e9occupations, les difficult\u00e9s de votre quotidien,\u00a0exp\u00e9rimenter la parole qui lib\u00e8re\u00a0et\u00a0l\u2019\u00e9coute du c\u0153ur\u00a0o\u00f9\u00a0chacun devient acteur de sa propre gu\u00e9rison et de la gu\u00e9rison de l\u2019autre.\u00a0 Les pratiques\u00a0\u00e9nerg\u00e9tiques qui vous seront propos\u00e9es r\u00e9veillent votre \u00eatre essentiel, activent les m\u00e9moires de votre corps et vous mettent en contact avec votre ressenti profond \u2026<br \/>\nLes interactions qui se jouent dans le groupe, les prises de conscience auxquelles vous acc\u00e9dez, les \u00e9motions qui s\u2019expriment, vous aident activement \u00e0\u00a0d\u00e9passer les vieux sch\u00e9mas et les blessures du pass\u00e9 pour retrouver votre nature profonde, libre et joyeuse.<br \/>\nUne riche exp\u00e9rience dont vous retirerez des ressources personnelles pour avancer, grandir, ressourc\u00e9, nourri, sur votre chemin de vie.<\/span><\/span><\/p>\n\n\t\t<style type=\"text\/css\">\n\t\t\t#gallery-1 {\n\t\t\t\tmargin: auto;\n\t\t\t}\n\t\t\t#gallery-1 .gallery-item {\n\t\t\t\tfloat: left;\n\t\t\t\tmargin-top: 10px;\n\t\t\t\ttext-align: center;\n\t\t\t\twidth: 50%;\n\t\t\t}\n\t\t\t#gallery-1 img {\n\t\t\t\tborder: 2px solid #cfcfcf;\n\t\t\t}\n\t\t\t#gallery-1 .gallery-caption {\n\t\t\t\tmargin-left: 0;\n\t\t\t}\n\t\t\t\/* see gallery_shortcode() in wp-includes\/media.php *\/\n\t\t<\/style>\n\t\t<div id='gallery-1' class='gallery galleryid-69 gallery-columns-2 gallery-size-medium'><dl class='gallery-item'>\n\t\t\t<dt class='gallery-icon landscape'>\n\t\t\t\t<img width=\"300\" height=\"262\" src=\"https:\/\/yoga-alegria.fr\/wp-content\/uploads\/2015\/12\/DSC03472papillon-zinia-300x262.jpg\" class=\"attachment-medium size-medium\" alt=\"\" decoding=\"async\" loading=\"lazy\" srcset=\"https:\/\/yoga-alegria.fr\/wp-content\/uploads\/2015\/12\/DSC03472papillon-zinia-300x262.jpg 300w, https:\/\/yoga-alegria.fr\/wp-content\/uploads\/2015\/12\/DSC03472papillon-zinia-768x671.jpg 768w, https:\/\/yoga-alegria.fr\/wp-content\/uploads\/2015\/12\/DSC03472papillon-zinia-1024x895.jpg 1024w, https:\/\/yoga-alegria.fr\/wp-content\/uploads\/2015\/12\/DSC03472papillon-zinia.jpg 1262w\" sizes=\"(max-width: 300px) 100vw, 300px\" \/>\n\t\t\t<\/dt><\/dl><dl class='gallery-item'>\n\t\t\t<dt class='gallery-icon portrait'>\n\t\t\t\t<img width=\"225\" height=\"300\" src=\"https:\/\/yoga-alegria.fr\/wp-content\/uploads\/2015\/12\/2008-02-17-07.05.34-225x300.jpg\" class=\"attachment-medium size-medium\" alt=\"\" decoding=\"async\" loading=\"lazy\" srcset=\"https:\/\/yoga-alegria.fr\/wp-content\/uploads\/2015\/12\/2008-02-17-07.05.34-225x300.jpg 225w, https:\/\/yoga-alegria.fr\/wp-content\/uploads\/2015\/12\/2008-02-17-07.05.34-768x1024.jpg 768w, https:\/\/yoga-alegria.fr\/wp-content\/uploads\/2015\/12\/2008-02-17-07.05.34.jpg 1536w\" sizes=\"(max-width: 225px) 100vw, 225px\" \/>\n\t\t\t<\/dt><\/dl><br style=\"clear: both\" \/>\n\t\t<\/div>\n\n<h4 class=\"western\" style=\"text-align: justify;\"><strong><span style=\"font-family: Tahoma, sans-serif;\"><span style=\"font-size: small;\">De l\u2019humour, de l\u2019amour, de la vie\u00a0 et la magie des cercles tantriques\u00a0!<\/span><\/span><\/strong><\/h4>\n<p style=\"text-align: justify;\"><span style=\"font-family: Tahoma, sans-serif;\"><span style=\"font-size: small;\">Dans les stages de Tantra Rencontre\u00a0 toutes les dimensions de l\u2019\u00eatre sont prises en compte\u00a0; avec l&rsquo;aide du groupe, l\u2019\u00eatre se lib\u00e8re des cha\u00eenes de son ego pour aller vers plus de conscience, d\u2019amour, de libert\u00e9 et de cr\u00e9ativit\u00e9. C\u2019est avant tout une d\u00e9marche de connaissance de soi, de d\u00e9veloppement personnel qui est propos\u00e9e \u00e0 celui qui d\u00e9sire retrouver sa pleine libert\u00e9 d\u2019\u00eatre et d\u2019agir. Celui qui ressent de l\u2019inconfort dans sa vie quotidienne, qui peut-\u00eatre traverse une p\u00e9riode difficile, se sent dans une impasse, des sch\u00e9mas r\u00e9p\u00e9titifs, \u00ab\u00a0mal dans sa peau\u201d ou encore souhaite am\u00e9liorer sa relation avec les autres et se sentir en paix \u00e0 l\u2019int\u00e9rieur de lui-m\u00eame, peut, gr\u00e2ce \u00e0 l&rsquo;aide des outils th\u00e9rapeutiques et \u00e9nerg\u00e9tiques propos\u00e9s, sortir de l\u2019\u00e9tat d\u2019impuissance (l\u2019\u00e9tat de victime) en prenant la responsabilit\u00e9 de sa vie et de son bien-\u00eatre dans le cadre d\u2019un accompagnement bienveillant o\u00f9 respect, tol\u00e9rance et non-jugement sont les ma\u00eetre mots.<\/span><\/span><\/p>\n<h1 class=\"western\" style=\"text-align: justify;\"><span style=\"font-family: Tahoma, sans-serif;\"><span style=\"font-size: small;\">Les outils\u00a0propos\u00e9s:<\/span><\/span><\/h1>\n<p><img decoding=\"async\" loading=\"lazy\" class=\"size-medium wp-image-670 alignright\" src=\"http:\/\/yoga-alegria.fr\/wp-content\/uploads\/2017\/03\/P7078745-300x225.jpg\" alt=\"OLYMPUS DIGITAL CAMERA\" width=\"300\" height=\"225\" srcset=\"https:\/\/yoga-alegria.fr\/wp-content\/uploads\/2017\/03\/P7078745-300x225.jpg 300w, https:\/\/yoga-alegria.fr\/wp-content\/uploads\/2017\/03\/P7078745-768x576.jpg 768w, https:\/\/yoga-alegria.fr\/wp-content\/uploads\/2017\/03\/P7078745-1024x768.jpg 1024w, https:\/\/yoga-alegria.fr\/wp-content\/uploads\/2017\/03\/P7078745-135x100.jpg 135w\" sizes=\"(max-width: 300px) 100vw, 300px\" \/><\/p>\n<ul style=\"text-align: justify;\">\n<li><strong><span style=\"color: #000000;\"><span style=\"font-family: Tahoma, sans-serif;\"><span style=\"font-size: small;\">le\u00a0cercles de parole\u00a0 pour \u00eatre \u00e9cout\u00e9 <\/span><\/span><\/span><\/strong><span style=\"color: #000000;\"><span style=\"font-family: Tahoma, sans-serif;\"><span style=\"font-size: small;\">dans un esprit de non jugement o\u00f9 chacun est respect\u00e9 dans sa propre v\u00e9rit\u00e9, \u201co\u00f9 l\u2019on d\u00e9couvre les vertus gu\u00e9rissantes de l\u2019\u00e9coute du c\u0153ur \u2026\u201d <\/span><\/span><\/span><\/li>\n<li><span style=\"color: #000000;\"><span style=\"color: #000000;\"><span style=\"font-family: Tahoma, sans-serif;\"><span style=\"font-size: small;\"><b>des\u00a0jeux\u00a0<\/b> pour se d\u00e9couvrir et rencontrer l\u2019autre\u00a0\u00a0\u00a0\u00a0<\/span><\/span><\/span><\/span><\/li>\n<li><span style=\"color: #000000;\"><span style=\"color: #000000;\"><span style=\"font-family: Tahoma, sans-serif;\"><span style=\"font-size: small;\">\u00a0<\/span><\/span><\/span><\/span><span style=\"font-family: Tahoma, sans-serif;\"><span style=\"font-size: small;\"><span style=\"color: #000000;\"><b>le chant des Mantras <\/b><\/span><span style=\"color: #000000;\">pour s&rsquo;immerger dans des vibrations sacr\u00e9es et gu\u00e9rissantes <\/span><\/span><\/span><\/li>\n<li><span style=\"color: #000000;\"><span style=\"font-family: Tahoma, sans-serif;\"><span style=\"font-size: small;\"><b>m\u00e9ditations dynamiques<\/b> <\/span><\/span><\/span><b style=\"font-size: small; font-family: Tahoma, sans-serif; color: #000000; line-height: 1.5;\">d\u2019Osho Rajneesh, <\/b><span style=\"color: #000000;\"><span style=\"font-family: Tahoma, sans-serif;\"><span style=\"font-size: small;\">pour l\u00e2cher le mental et dissoudre des blocages physiques et\u00a0<\/span><\/span><\/span><span style=\"font-size: small; font-family: Tahoma, sans-serif; color: #000000; line-height: 1.5;\"> \u00e9nerg\u00e9tiques<\/span><\/li>\n<li><span style=\"color: #000000;\"><span style=\"font-family: Tahoma, sans-serif;\"><span style=\"font-size: small;\"><b>le Kundalini Yoga\u00a0<\/b> \u00e0 travers l\u2019exp\u00e9rience de la\u00a0Sadhana\u00a0(pratique au lever du jour), des v\u00e9nus kriyas (exercices sp\u00e9cifiques pratiqu\u00e9s en couple) <\/span><\/span><\/span><\/li>\n<li><span style=\"color: #000000;\"><span style=\"font-family: Tahoma, sans-serif;\"><span style=\"font-size: small;\"><b>la\u00a0respiration holotropique<\/b>\u00a0 pour acc\u00e9der \u00e0 un autre niveau de conscience et laisser revenir en surface des m\u00e9moires engramm\u00e9es en nous, qui alors pourront se dissoudre ou s&rsquo;approprier consciemment<\/span><\/span><\/span><\/li>\n<li><span style=\"color: #000000;\"><span style=\"font-family: Tahoma, sans-serif;\"><span style=\"font-size: small;\"><b>le Karma Yoga, <\/b> ou le travail comme une m\u00e9ditation, d\u00e9tach\u00e9e de toute attente d&rsquo;un r\u00e9sultat, pour le seul plaisir d&rsquo;\u00eatre dans l&rsquo;action juste et consciente ( pr\u00e9paration collective des repas, entretien partag\u00e9 des lieux\u2026.)<\/span><\/span><\/span><\/li>\n<\/ul>\n<p>&nbsp;<\/p>\n\n\t\t<style type=\"text\/css\">\n\t\t\t#gallery-2 {\n\t\t\t\tmargin: auto;\n\t\t\t}\n\t\t\t#gallery-2 .gallery-item {\n\t\t\t\tfloat: left;\n\t\t\t\tmargin-top: 10px;\n\t\t\t\ttext-align: center;\n\t\t\t\twidth: 100%;\n\t\t\t}\n\t\t\t#gallery-2 img {\n\t\t\t\tborder: 2px solid #cfcfcf;\n\t\t\t}\n\t\t\t#gallery-2 .gallery-caption {\n\t\t\t\tmargin-left: 0;\n\t\t\t}\n\t\t\t\/* see gallery_shortcode() in wp-includes\/media.php *\/\n\t\t<\/style>\n\t\t<div id='gallery-2' class='gallery galleryid-69 gallery-columns-1 gallery-size-medium'><dl class='gallery-item'>\n\t\t\t<dt class='gallery-icon landscape'>\n\t\t\t\t<img width=\"300\" height=\"223\" src=\"https:\/\/yoga-alegria.fr\/wp-content\/uploads\/2015\/12\/cr\u00e9ation-de-centres-du-cercle-de-parole-6-300x223.jpg\" class=\"attachment-medium size-medium\" alt=\"\" decoding=\"async\" loading=\"lazy\" srcset=\"https:\/\/yoga-alegria.fr\/wp-content\/uploads\/2015\/12\/cr\u00e9ation-de-centres-du-cercle-de-parole-6-300x223.jpg 300w, https:\/\/yoga-alegria.fr\/wp-content\/uploads\/2015\/12\/cr\u00e9ation-de-centres-du-cercle-de-parole-6-768x571.jpg 768w, https:\/\/yoga-alegria.fr\/wp-content\/uploads\/2015\/12\/cr\u00e9ation-de-centres-du-cercle-de-parole-6-135x100.jpg 135w, https:\/\/yoga-alegria.fr\/wp-content\/uploads\/2015\/12\/cr\u00e9ation-de-centres-du-cercle-de-parole-6.jpg 934w\" sizes=\"(max-width: 300px) 100vw, 300px\" \/>\n\t\t\t<\/dt><\/dl><br style=\"clear: both\" \/>\n\t\t<\/div>\n\n<p>[player id=597]<\/p>\n","protected":false},"excerpt":{"rendered":"<p>Vous rencontrez une difficult\u00e9 pour continuer \u00e0 avancer sur votre chemin de vie et d&rsquo;\u00e9volution. Ou tout simplement vous souhaitez exp\u00e9rimenter les outils de la tradition tantrique\u00a0 et aller plus loin dans votre \u00e9panouissement, dans la conscience ?\u00a0 Nous organisons des stages dits \u00ab\u00a0Tantra Rencontre avec soi-m\u00eame\u00a0\u00bb, mis au point par JJ Rigou, qui vous [&hellip;]<\/p>\n","protected":false},"author":1,"featured_media":0,"parent":9,"menu_order":0,"comment_status":"closed","ping_status":"closed","template":"","meta":[],"_links":{"self":[{"href":"https:\/\/yoga-alegria.fr\/index.php\/wp-json\/wp\/v2\/pages\/69"}],"collection":[{"href":"https:\/\/yoga-alegria.fr\/index.php\/wp-json\/wp\/v2\/pages"}],"about":[{"href":"https:\/\/yoga-alegria.fr\/index.php\/wp-json\/wp\/v2\/types\/page"}],"author":[{"embeddable":true,"href":"https:\/\/yoga-alegria.fr\/index.php\/wp-json\/wp\/v2\/users\/1"}],"replies":[{"embeddable":true,"href":"https:\/\/yoga-alegria.fr\/index.php\/wp-json\/wp\/v2\/comments?post=69"}],"version-history":[{"count":23,"href":"https:\/\/yoga-alegria.fr\/index.php\/wp-json\/wp\/v2\/pages\/69\/revisions"}],"predecessor-version":[{"id":982,"href":"https:\/\/yoga-alegria.fr\/index.php\/wp-json\/wp\/v2\/pages\/69\/revisions\/982"}],"up":[{"embeddable":true,"href":"https:\/\/yoga-alegria.fr\/index.php\/wp-json\/wp\/v2\/pages\/9"}],"wp:attachment":[{"href":"https:\/\/yoga-alegria.fr\/index.php\/wp-json\/wp\/v2\/media?parent=69"}],"curies":[{"name":"wp","href":"https:\/\/api.w.org\/{rel}","templated":true}]}}

<p class="western" style="text-align: justify;"><strong><span style="font-family: Tahoma, sans-serif;"><span style="font-size: small;">Vous rencontrez une difficulté pour continuer à avancer sur votre chemin de vie et d&rsquo;évolution. Ou tout simplement vous souhaitez expérimenter les outils de la tradition tantrique  et aller plus loin dans votre épanouissement, dans la conscience ?  Nous organisons des stages dits « Tantra Rencontre avec soi-même », mis au point par JJ Rigou, qui vous permettront de progresser dans la conscience de ce que vous êtes et vivez, et dans le dépassement des difficultés que vous rencontrez.<br />
</span></span></strong></p>
<p><span style="font-family: Tahoma, sans-serif;"><span style="font-size: small;">Au sein d’un groupe chaleureux et convivial, se crée une alchimie et un terreau propice à l’émergence d&rsquo;une nouvelle conscience vos problématiques.  Vous pouvez laisser émerger vos préoccupations, les difficultés de votre quotidien, expérimenter la parole qui libère et l’écoute du cœur où chacun devient acteur de sa propre guérison et de la guérison de l’autre.  Les pratiques énergétiques qui vous seront proposées réveillent votre être essentiel, activent les mémoires de votre corps et vous mettent en contact avec votre ressenti profond …<br />
Les interactions qui se jouent dans le groupe, les prises de conscience auxquelles vous accédez, les émotions qui s’expriment, vous aident activement à dépasser les vieux schémas et les blessures du passé pour retrouver votre nature profonde, libre et joyeuse.<br />
Une riche expérience dont vous retirerez des ressources personnelles pour avancer, grandir, ressourcé, nourri, sur votre chemin de vie.</span></span></p>

		<style type="text/css">
			#gallery-1 {
				margin: auto;
			}
			#gallery-1 .gallery-item {
				float: left;
				margin-top: 10px;
				text-align: center;
				width: 50%;
			}
			#gallery-1 img {
				border: 2px solid #cfcfcf;
			}
			#gallery-1 .gallery-caption {
				margin-left: 0;
			}
			/* see gallery_shortcode() in wp-includes/media.php */
		</style>
		<div id='gallery-1' class='gallery galleryid-69 gallery-columns-2 gallery-size-medium'><dl class='gallery-item'>
			<dt class='gallery-icon landscape'>
				<img width="300" height="262" src="https://yoga-alegria.fr/wp-content/uploads/2015/12/DSC03472papillon-zinia-300x262.jpg" class="attachment-medium size-medium" alt="" decoding="async" loading="lazy" srcset="https://yoga-alegria.fr/wp-content/uploads/2015/12/DSC03472papillon-zinia-300x262.jpg 300w, https://yoga-alegria.fr/wp-content/uploads/2015/12/DSC03472papillon-zinia-768x671.jpg 768w, https://yoga-alegria.fr/wp-content/uploads/2015/12/DSC03472papillon-zinia-1024x895.jpg 1024w, https://yoga-alegria.fr/wp-content/uploads/2015/12/DSC03472papillon-zinia.jpg 1262w" sizes="(max-width: 300px) 100vw, 300px" />
			</dt></dl><dl class='gallery-item'>
			<dt class='gallery-icon portrait'>
				<img width="225" height="300" src="https://yoga-alegria.fr/wp-content/uploads/2015/12/2008-02-17-07.05.34-225x300.jpg" class="attachment-medium size-medium" alt="" decoding="async" loading="lazy" srcset="https://yoga-alegria.fr/wp-content/uploads/2015/12/2008-02-17-07.05.34-225x300.jpg 225w, https://yoga-alegria.fr/wp-content/uploads/2015/12/2008-02-17-07.05.34-768x1024.jpg 768w, https://yoga-alegria.fr/wp-content/uploads/2015/12/2008-02-17-07.05.34.jpg 1536w" sizes="(max-width: 225px) 100vw, 225px" />
			</dt></dl><br style="clear: both" />
		</div>

<h4 class="western" style="text-align: justify;"><strong><span style="font-family: Tahoma, sans-serif;"><span style="font-size: small;">De l’humour, de l’amour, de la vie  et la magie des cercles tantriques !</span></span></strong></h4>
<p style="text-align: justify;"><span style="font-family: Tahoma, sans-serif;"><span style="font-size: small;">Dans les stages de Tantra Rencontre  toutes les dimensions de l’être sont prises en compte ; avec l&rsquo;aide du groupe, l’être se libère des chaînes de son ego pour aller vers plus de conscience, d’amour, de liberté et de créativité. C’est avant tout une démarche de connaissance de soi, de développement personnel qui est proposée à celui qui désire retrouver sa pleine liberté d’être et d’agir. Celui qui ressent de l’inconfort dans sa vie quotidienne, qui peut-être traverse une période difficile, se sent dans une impasse, des schémas répétitifs, « mal dans sa peau” ou encore souhaite améliorer sa relation avec les autres et se sentir en paix à l’intérieur de lui-même, peut, grâce à l&rsquo;aide des outils thérapeutiques et énergétiques proposés, sortir de l’état d’impuissance (l’état de victime) en prenant la responsabilité de sa vie et de son bien-être dans le cadre d’un accompagnement bienveillant où respect, tolérance et non-jugement sont les maître mots.</span></span></p>
<h1 class="western" style="text-align: justify;"><span style="font-family: Tahoma, sans-serif;"><span style="font-size: small;">Les outils proposés:</span></span></h1>
<p><img decoding="async" loading="lazy" class="size-medium wp-image-670 alignright" src="http://yoga-alegria.fr/wp-content/uploads/2017/03/P7078745-300x225.jpg" alt="OLYMPUS DIGITAL CAMERA" width="300" height="225" srcset="https://yoga-alegria.fr/wp-content/uploads/2017/03/P7078745-300x225.jpg 300w, https://yoga-alegria.fr/wp-content/uploads/2017/03/P7078745-768x576.jpg 768w, https://yoga-alegria.fr/wp-content/uploads/2017/03/P7078745-1024x768.jpg 1024w, https://yoga-alegria.fr/wp-content/uploads/2017/03/P7078745-135x100.jpg 135w" sizes="(max-width: 300px) 100vw, 300px" /></p>
<ul style="text-align: justify;">
<li><strong><span style="color: #000000;"><span style="font-family: Tahoma, sans-serif;"><span style="font-size: small;">le cercles de parole  pour être écouté </span></span></span></strong><span style="color: #000000;"><span style="font-family: Tahoma, sans-serif;"><span style="font-size: small;">dans un esprit de non jugement où chacun est respecté dans sa propre vérité, “où l’on découvre les vertus guérissantes de l’écoute du cœur …” </span></span></span></li>
<li><span style="color: #000000;"><span style="color: #000000;"><span style="font-family: Tahoma, sans-serif;"><span style="font-size: small;"><b>des jeux </b> pour se découvrir et rencontrer l’autre    </span></span></span></span></li>
<li><span style="color: #000000;"><span style="color: #000000;"><span style="font-family: Tahoma, sans-serif;"><span style="font-size: small;"> </span></span></span></span><span style="font-family: Tahoma, sans-serif;"><span style="font-size: small;"><span style="color: #000000;"><b>le chant des Mantras </b></span><span style="color: #000000;">pour s&rsquo;immerger dans des vibrations sacrées et guérissantes </span></span></span></li>
<li><span style="color: #000000;"><span style="font-family: Tahoma, sans-serif;"><span style="font-size: small;"><b>méditations dynamiques</b> </span></span></span><b style="font-size: small; font-family: Tahoma, sans-serif; color: #000000; line-height: 1.5;">d’Osho Rajneesh, </b><span style="color: #000000;"><span style="font-family: Tahoma, sans-serif;"><span style="font-size: small;">pour lâcher le mental et dissoudre des blocages physiques et </span></span></span><span style="font-size: small; font-family: Tahoma, sans-serif; color: #000000; line-height: 1.5;"> énergétiques</span></li>
<li><span style="color: #000000;"><span style="font-family: Tahoma, sans-serif;"><span style="font-size: small;"><b>le Kundalini Yoga </b> à travers l’expérience de la Sadhana (pratique au lever du jour), des vénus kriyas (exercices spécifiques pratiqués en couple) </span></span></span></li>
<li><span style="color: #000000;"><span style="font-family: Tahoma, sans-serif;"><span style="font-size: small;"><b>la respiration holotropique</b>  pour accéder à un autre niveau de conscience et laisser revenir en surface des mémoires engrammées en nous, qui alors pourront se dissoudre ou s&rsquo;approprier consciemment</span></span></span></li>
<li><span style="color: #000000;"><span style="font-family: Tahoma, sans-serif;"><span style="font-size: small;"><b>le Karma Yoga, </b> ou le travail comme une méditation, détachée de toute attente d&rsquo;un résultat, pour le seul plaisir d&rsquo;être dans l&rsquo;action juste et consciente ( préparation collective des repas, entretien partagé des lieux….)</span></span></span></li>
</ul>
<p>&nbsp;</p>

		<style type="text/css">
			#gallery-2 {
				margin: auto;
			}
			#gallery-2 .gallery-item {
				float: left;
				margin-top: 10px;
				text-align: center;
				width: 100%;
			}
			#gallery-2 img {
				border: 2px solid #cfcfcf;
			}
			#gallery-2 .gallery-caption {
				margin-left: 0;
			}
			/* see gallery_shortcode() in wp-includes/media.php */
		</style>
		<div id='gallery-2' class='gallery galleryid-69 gallery-columns-1 gallery-size-medium'><dl class='gallery-item'>
			<dt class='gallery-icon landscape'>
				<img width="300" height="223" src="https://yoga-alegria.fr/wp-content/uploads/2015/12/création-de-centres-du-cercle-de-parole-6-300x223.jpg" class="attachment-medium size-medium" alt="" decoding="async" loading="lazy" srcset="https://yoga-alegria.fr/wp-content/uploads/2015/12/création-de-centres-du-cercle-de-parole-6-300x223.jpg 300w, https://yoga-alegria.fr/wp-content/uploads/2015/12/création-de-centres-du-cercle-de-parole-6-768x571.jpg 768w, https://yoga-alegria.fr/wp-content/uploads/2015/12/création-de-centres-du-cercle-de-parole-6-135x100.jpg 135w, https://yoga-alegria.fr/wp-content/uploads/2015/12/création-de-centres-du-cercle-de-parole-6.jpg 934w" sizes="(max-width: 300px) 100vw, 300px" />
			</dt></dl><br style="clear: both" />
		</div>

<p>[player id=597]</p>

<p>Vous rencontrez une difficulté pour continuer à avancer sur votre chemin de vie et d&rsquo;évolution. Ou tout simplement vous souhaitez expérimenter les outils de la tradition tantrique  et aller plus loin dans votre épanouissement, dans la conscience ?  Nous organisons des stages dits « Tantra Rencontre avec soi-même », mis au point par JJ Rigou, qui vous [&hellip;]</p>
