{"id":353,"date":"2016-01-20T13:07:45","date_gmt":"2016-01-20T13:07:45","guid":{"rendered":"http:\/\/yoga-alegria.fr\/?page_id=353"},"modified":"2026-08-26T12:44:27","modified_gmt":"2026-08-26T11:44:27","slug":"le-programme","status":"publish","type":"page","link":"https:\/\/yoga-alegria.fr\/index.php\/les-cours-de-yoga\/le-programme\/","title":{"rendered":"Le programme"},"content":{"rendered":"\n<p><strong>Les cours reprendront \u00e0 la rentr\u00e9e&nbsp;<em> la semaine du 22 au 26 Septembre 2026&nbsp;<\/em> .<\/strong><\/p>\n\n\n\n<h2><strong>Les cours physiques (ou plut\u00f4t pr\u00e9sentiels) ont lieu:<\/strong><\/h2>\n\n\n\n<h2><strong>&#8211; Au&nbsp; au 10, Rue Victor Boner \u00e0 Rennes, <\/strong><\/h2>\n\n\n\n<h2><strong>&nbsp; &nbsp; &nbsp;les Mardi \u00e0 12H30, et 18H30,&nbsp; et&nbsp; Jeudi 19H<\/strong><\/h2>\n\n\n\n<h2>&#8211; <strong>Au 4, L&rsquo;Hotel Harel \u00e0 la Chapelle Chauss\u00e9e,<\/strong><\/h2>\n\n\n\n<h2>     <strong>les Jeudi soir 19H et les Vendredi matin 10H<\/strong><\/h2>\n\n\n\n<h2><strong>et les sadhana\u00a0 ont lieu tous les<\/strong> <strong>mardi et vendredi, \u00e0 6H30, \u00ab\u00a0en distanciel\u00a0\u00bb, par Zoom.<\/strong>   <strong>Les Sadhanas commencent aussi la semaine du 22 Septembre 2027<\/strong><\/h2>\n\n\n\n<h3><strong><em>Tous les inscrits \u00e0 ces sadhanas,\u00a0 recevront auparavant, un lien internet \u00e0 cliquer pour rejoindre la s\u00e9ance.<br><\/em><\/strong><\/h3>\n\n\n\n<p><\/p>\n\n\n\n<p><\/p>\n\n\n\n<p><\/p>\n\n\n\n<p><\/p>\n\n\n\n<h2><strong>Les TARIFS:\u00a0<\/strong><\/h2>\n\n\n\n<h3><strong><em>Pour les cours en salle, en pr\u00e9sentiel:<\/em><\/strong> <\/h3>\n\n\n\n<ul>\n<li><strong>Tarif normal :<br>\u2013&nbsp; <em>UN cours par semaine<\/em>:&nbsp; 305 \u20ac\/an, 215\u20ac pour le 2e membre de la m\u00eame famille ou couple.<br>\u2013&nbsp; <em>DEUX cours par semaine<\/em>:&nbsp; 450\u20ac\/an tarif normal,&nbsp; 320\u20ac pour le 2e membre de la m\u00eame famille ou couple<\/strong><\/li>\n\n\n\n<li><strong>Revenus modestes, \u00e9tudiants\u2026 : 250 \u20ac\/an  pour un cours,  350\u20ac pour 2 cours.<\/strong><\/li>\n<\/ul>\n\n\n\n<h4>&#8211; <strong> <em>Paiement possible par le dispositif&nbsp; \u00ab\u00a0Sortir\u00a0\u00bb sur Rennes (nous consulter pour faire le dossier de prise en charge). <\/em><\/strong><\/h4>\n\n\n\n<p><strong>Payable en 3 ch\u00e8ques, par trimestre. <\/strong><\/p>\n\n\n\n<p><strong>Pour ceux qui ne veulent s\u2019engager <em>que<\/em> sur un trimestre, le tarif est de 110\u20ac pour le trimestre en tarif normal, 90\u20ac pour les revenus modestes.<br>Si on est amen\u00e9 \u00e0 prendre des cours individuels, dans des cas particuliers, le tarif est : 15\u20ac\/h <\/strong><\/p>\n\n\n\n<p><strong>Les sadhana, sont une pratique de yoga, partag\u00e9e entre l\u2019enseignant et vous, et ne sont pas un cours (bien qu\u2019elles y ressemblent fort). Elles donnent lieu \u00e0 moins d\u2019explication et de guidance, et sont GRATUITES. R\u00e9serv\u00e9es aux \u00e9l\u00e8ves, elles ne sont donn\u00e9es que par Zoom<br>En plus, pour tous, adh\u00e9sion pour un an \u00e0 la F\u00e9d\u00e9ration Tantra Kundalini Yoga, (incluant l\u2019assurance obligatoire): 10\u20ac par personne (\u00e9tudiants: 8\u20ac)<\/strong><\/p>\n\n\n\n<p><strong> D<em>ans tous les cas, si vous avez une difficult\u00e9 financi\u00e8re, venez nous en parler, nous trouverons une solution. Tous ces montants annuels sont payables en trois fois, encaiss\u00e9es en d\u00e9but de chaque trimestre.<\/em><\/strong><\/p>\n","protected":false},"excerpt":{"rendered":"<p>Les cours reprendront \u00e0 la rentr\u00e9e&nbsp; la semaine du 22 au 26 Septembre 2026&nbsp; . Les cours physiques (ou plut\u00f4t pr\u00e9sentiels) ont lieu: &#8211; Au&nbsp; au 10, Rue Victor Boner \u00e0 Rennes, &nbsp; &nbsp; &nbsp;les Mardi \u00e0 12H30, et 18H30,&nbsp; et&nbsp; Jeudi 19H &#8211; Au 4, L&rsquo;Hotel Harel \u00e0 la Chapelle Chauss\u00e9e, les Jeudi soir [&hellip;]<\/p>\n","protected":false},"author":1,"featured_media":0,"parent":6,"menu_order":0,"comment_status":"closed","ping_status":"closed","template":"","meta":[],"_links":{"self":[{"href":"https:\/\/yoga-alegria.fr\/index.php\/wp-json\/wp\/v2\/pages\/353"}],"collection":[{"href":"https:\/\/yoga-alegria.fr\/index.php\/wp-json\/wp\/v2\/pages"}],"about":[{"href":"https:\/\/yoga-alegria.fr\/index.php\/wp-json\/wp\/v2\/types\/page"}],"author":[{"embeddable":true,"href":"https:\/\/yoga-alegria.fr\/index.php\/wp-json\/wp\/v2\/users\/1"}],"replies":[{"embeddable":true,"href":"https:\/\/yoga-alegria.fr\/index.php\/wp-json\/wp\/v2\/comments?post=353"}],"version-history":[{"count":63,"href":"https:\/\/yoga-alegria.fr\/index.php\/wp-json\/wp\/v2\/pages\/353\/revisions"}],"predecessor-version":[{"id":1460,"href":"https:\/\/yoga-alegria.fr\/index.php\/wp-json\/wp\/v2\/pages\/353\/revisions\/1460"}],"up":[{"embeddable":true,"href":"https:\/\/yoga-alegria.fr\/index.php\/wp-json\/wp\/v2\/pages\/6"}],"wp:attachment":[{"href":"https:\/\/yoga-alegria.fr\/index.php\/wp-json\/wp\/v2\/media?parent=353"}],"curies":[{"name":"wp","href":"https:\/\/api.w.org\/{rel}","templated":true}]}}

<p><strong>Les cours reprendront à la rentrée&nbsp;<em> la semaine du 22 au 26 Septembre 2026&nbsp;</em> .</strong></p>



<h2><strong>Les cours physiques (ou plutôt présentiels) ont lieu:</strong></h2>



<h2><strong>&#8211; Au&nbsp; au 10, Rue Victor Boner à Rennes, </strong></h2>



<h2><strong>&nbsp; &nbsp; &nbsp;les Mardi à 12H30, et 18H30,&nbsp; et&nbsp; Jeudi 19H</strong></h2>



<h2>&#8211; <strong>Au 4, L&rsquo;Hotel Harel à la Chapelle Chaussée,</strong></h2>



<h2>     <strong>les Jeudi soir 19H et les Vendredi matin 10H</strong></h2>



<h2><strong>et les sadhana  ont lieu tous les</strong> <strong>mardi et vendredi, à 6H30, « en distanciel », par Zoom.</strong>   <strong>Les Sadhanas commencent aussi la semaine du 22 Septembre 2027</strong></h2>



<h3><strong><em>Tous les inscrits à ces sadhanas,  recevront auparavant, un lien internet à cliquer pour rejoindre la séance.<br></em></strong></h3>



<p></p>



<p></p>



<p></p>



<p></p>



<h2><strong>Les TARIFS: </strong></h2>



<h3><strong><em>Pour les cours en salle, en présentiel:</em></strong> </h3>



<ul>
<li><strong>Tarif normal :<br>–&nbsp; <em>UN cours par semaine</em>:&nbsp; 305 €/an, 215€ pour le 2e membre de la même famille ou couple.<br>–&nbsp; <em>DEUX cours par semaine</em>:&nbsp; 450€/an tarif normal,&nbsp; 320€ pour le 2e membre de la même famille ou couple</strong></li>



<li><strong>Revenus modestes, étudiants… : 250 €/an  pour un cours,  350€ pour 2 cours.</strong></li>
</ul>



<h4>&#8211; <strong> <em>Paiement possible par le dispositif&nbsp; « Sortir » sur Rennes (nous consulter pour faire le dossier de prise en charge). </em></strong></h4>



<p><strong>Payable en 3 chèques, par trimestre. </strong></p>



<p><strong>Pour ceux qui ne veulent s’engager <em>que</em> sur un trimestre, le tarif est de 110€ pour le trimestre en tarif normal, 90€ pour les revenus modestes.<br>Si on est amené à prendre des cours individuels, dans des cas particuliers, le tarif est : 15€/h </strong></p>



<p><strong>Les sadhana, sont une pratique de yoga, partagée entre l’enseignant et vous, et ne sont pas un cours (bien qu’elles y ressemblent fort). Elles donnent lieu à moins d’explication et de guidance, et sont GRATUITES. Réservées aux élèves, elles ne sont données que par Zoom<br>En plus, pour tous, adhésion pour un an à la Fédération Tantra Kundalini Yoga, (incluant l’assurance obligatoire): 10€ par personne (étudiants: 8€)</strong></p>



<p><strong> D<em>ans tous les cas, si vous avez une difficulté financière, venez nous en parler, nous trouverons une solution. Tous ces montants annuels sont payables en trois fois, encaissées en début de chaque trimestre.</em></strong></p>

<p>Les cours reprendront à la rentrée&nbsp; la semaine du 22 au 26 Septembre 2026&nbsp; . Les cours physiques (ou plutôt présentiels) ont lieu: &#8211; Au&nbsp; au 10, Rue Victor Boner à Rennes, &nbsp; &nbsp; &nbsp;les Mardi à 12H30, et 18H30,&nbsp; et&nbsp; Jeudi 19H &#8211; Au 4, L&rsquo;Hotel Harel à la Chapelle Chaussée, les Jeudi soir [&hellip;]</p>
