{"id":30,"date":"2015-12-27T22:06:40","date_gmt":"2015-12-27T22:06:40","guid":{"rendered":"http:\/\/yoga-alegria.fr\/?page_id=30"},"modified":"2024-12-11T17:46:27","modified_gmt":"2024-12-11T16:46:27","slug":"qui-sommes-nous","status":"publish","type":"page","link":"https:\/\/yoga-alegria.fr\/index.php\/qui-sommes-nous\/","title":{"rendered":"QUI SOMMES NOUS ?"},"content":{"rendered":"<h2>Si vous vous connectez sur ce site pour des informations sur nos stages, cliquez sur l&rsquo;onglet \u00ab\u00a0STAGES\u00a0\u00bb, puis sur la page \u00ab\u00a0PROGRAMME ET TARIFS\u00a0\u00bb.\u00a0 Vous avez aussi, en page d&rsquo;accueil, des infos sur la partie droite de la page<\/h2>\n<h2>\u00a0ALORS,\u00a0 QUI SOMMES NOUS ?<\/h2>\n<ul>\n<li><span style=\"font-family: Tahoma, sans-serif; color: #333399;\"><span style=\"font-size: small;\"><b>Claudie Daniel<\/b><\/span><\/span><\/li>\n<\/ul>\n<p style=\"text-align: justify;\"><span style=\"color: #000000;\"><span style=\"font-family: Tahoma, sans-serif;\"><span style=\"font-size: small;\"><img decoding=\"async\" loading=\"lazy\" class=\"wp-image-765 alignleft\" src=\"http:\/\/yoga-alegria.fr\/wp-content\/uploads\/2015\/12\/IMG_6427-001-300x300.jpg\" alt=\"IMG_6427-001\" width=\"185\" height=\"185\" srcset=\"https:\/\/yoga-alegria.fr\/wp-content\/uploads\/2015\/12\/IMG_6427-001-300x300.jpg 300w, https:\/\/yoga-alegria.fr\/wp-content\/uploads\/2015\/12\/IMG_6427-001-150x150.jpg 150w, https:\/\/yoga-alegria.fr\/wp-content\/uploads\/2015\/12\/IMG_6427-001-768x769.jpg 768w, https:\/\/yoga-alegria.fr\/wp-content\/uploads\/2015\/12\/IMG_6427-001-1024x1024.jpg 1024w, https:\/\/yoga-alegria.fr\/wp-content\/uploads\/2015\/12\/IMG_6427-001.jpg 1450w\" sizes=\"(max-width: 185px) 100vw, 185px\" \/>\u00a0 J\u2019ai d\u00e9couvert le Kundalini Yoga dans les ann\u00e9es 90 et depuis je ne l&rsquo;ai pas quitt\u00e9. J&rsquo;ai suivi la formation de Professeur \u00e0 l&rsquo;\u00e9cole du Tantra \u00e0 Juillac \u00e0 cot\u00e9 de Bordeaux. <\/span><\/span><\/span><span style=\"color: #000000;\"><span style=\"font-family: Tahoma, sans-serif;\"><span style=\"font-size: small;\">Cette \u00e9cole a \u00e9t\u00e9 fond\u00e9e par J-J Rigou qui a suivi notamment l\u2019enseignement de Yogi Bhajan. Ce type d\u2019enseignement m\u2019a particuli\u00e8rement int\u00e9ress\u00e9 car il propose une pr\u00e9formation, qui associe \u00e0 la fois la pratique yoga et un travail de d\u00e9veloppement personnel .<\/span><\/span><\/span><\/p>\n<p style=\"text-align: justify;\"><span style=\"color: #000000;\"> <span style=\"font-family: Tahoma, sans-serif;\"><span style=\"font-size: small;\">Cette double dynamique a comme objectif de \u00ab\u00a0nettoyer\u00a0\u00bb la personne afin qu\u2019elle identifie et clarifie son propre fonctionnement psychique pour faciliter la transmission de la pratique du Kundalini Yoga aux \u00e9l\u00e8ves.\u00a0<\/span><\/span><\/span><span style=\"color: #000000;\"><span style=\"font-family: Tahoma, sans-serif;\"><span style=\"font-size: small;\">J\u2019ai commenc\u00e9 \u00e0 enseigner en 2009.<\/span><\/span><\/span><\/p>\n<p style=\"text-align: justify;\"><span style=\"color: #000000;\"> <span style=\"font-family: Tahoma, sans-serif;\"><span style=\"font-size: small;\">Aujourd\u2019hui, je donne 4 cours par semaine, j\u2019anime des journ\u00e9es de yoga et des stages th\u00e9matiques en Ille et Vilaine en tant qu&rsquo;Animatrice dipl\u00f4m\u00e9e de l&rsquo;Ecole du Tantra, o\u00f9\u00a0 par ailleurs, j&rsquo;anime des stages pour la formation des futurs professeurs et animateurs.<br \/>\n<\/span><\/span><\/span><\/p>\n<p style=\"text-align: justify;\"><span style=\"color: #000000;\"><span style=\"font-family: Tahoma, sans-serif;\"><span style=\"font-size: small;\">Je propose \u00e9galement des accompagnements individuels. En effet, mon parcours professionnel dans l&rsquo;action sociale, et la formation \u00e0 l&rsquo;\u00e9cole du Tantra m&rsquo;ont permis d&rsquo;acqu\u00e9rir une solide exp\u00e9rience de la relation d&rsquo;aide. Je suis \u00e9galement form\u00e9e en tant que m\u00e9diatrice artistique en Gestalt Th\u00e9rapie.<br \/>\n<\/span><\/span><\/span><\/p>\n<ul>\n<li style=\"text-align: justify;\"><span style=\"font-family: Tahoma, sans-serif;\"><span style=\"font-size: small;\"><b><span style=\"color: #333399;\">Jean Vicq<\/span><br \/>\n<\/b><\/span><\/span><\/li>\n<\/ul>\n<p><img decoding=\"async\" loading=\"lazy\" class=\"alignleft wp-image-182 size-full\" src=\"http:\/\/yoga-alegria.fr\/wp-content\/uploads\/2015\/12\/jean-vicq.png\" alt=\"jean vicq\" width=\"165\" height=\"199\" \/><\/p>\n<p style=\"text-align: justify;\"><span style=\"color: #000000;\"><span style=\"font-family: Tahoma, sans-serif;\"><span style=\"font-size: small;\">Ayant consacr\u00e9 d&rsquo;abord mon \u00e9nergie \u00e0 tenter de changer le monde par les luttes sociales et politiques, comme \u00e9tudiant, puis salari\u00e9, puis comme paysan, je n&rsquo;y ai trouv\u00e9 ni l&rsquo;efficacit\u00e9 souhaitable, ni des r\u00e9ponses satisfaisantes \u00e0 ma qu\u00eate existentielle. J&rsquo;ai commenc\u00e9 la pratique du hata yoga en 1986, puis je suis parti pour un s\u00e9jour de 4 ans \u00e0 Madagascar. Revenu en France en 92, je suis tomb\u00e9 malade et en ai gard\u00e9 des s\u00e9quelles de paralysie. C&rsquo;est en cherchant \u00e0 travailler sur moi pour m&rsquo;en d\u00e9faire que j&rsquo;ai d\u00e9couvert l&rsquo;Ecole du Tantra, qui proposait la pratique du Kundalini yoga, mais aussi un travail th\u00e9rapeutique d&rsquo;\u00e9clairage puis de dissolution de ses conflits int\u00e9rieurs. Ce travail sur soi s&rsquo;accompagnait d&rsquo;une vision tantrique de l&rsquo;existence ouverte sur l&rsquo;acceptation en profondeur de tous les aspects de notre existence (le grand \u00ab\u00a0oui\u00a0\u00bb \u00e0 la vie), la gratitude envers la cr\u00e9ation et sur la pratique d&rsquo;une spiritualit\u00e9 tol\u00e9rante et non religieuse, bas\u00e9e sur la conscience, la libert\u00e9 et l&rsquo;ouverture du coeur.\u00a0 <\/span><\/span><\/span><\/p>\n<p><span style=\"color: #000000;\"><span style=\"font-family: Tahoma, sans-serif;\"><span style=\"font-size: small;\">Sentant que cet enseignement et cette pratique r\u00e9pondaient \u00e0 tous mes questionnements, je me suis lanc\u00e9 \u00e0 fond dans cette d\u00e9marche, d&rsquo;abord comme stagiaire et pratiquant, puis dans la formation de professeur de Kundalini Yoga (dipl\u00f4me obtenu en 2004), dans celle d&rsquo;animateur-th\u00e9rapeute (dipl\u00f4me obtenu en 2014), et dans l&rsquo;enseignement du Yoga, \u00e0 partir de 2004, d&rsquo;abord sur Paris (Montreuil), puis en Bretagne.\u00a0<\/span><\/span><\/span><\/p>\n<p><span style=\"color: #000000;\"><span style=\"font-family: Tahoma, sans-serif;\"><span style=\"font-size: small;\">Avec Claudie nous avons cr\u00e9\u00e9 sur Rennes notre association <i>Microcosme <\/i>en 2006, ainsi que les cours \u00e0 Rennes et \u00e0 la Chapelle Chauss\u00e9e. Nous avons cr\u00e9\u00e9 notre salle de yoga \u00e0 Rennes en 2013. <\/span><\/span><span style=\"font-family: Tahoma, sans-serif;\"><span style=\"font-size: small;\">Nous co-animons avec d&rsquo;autres professeurs et th\u00e9rapeutes de la r\u00e9gion, l&rsquo;\u00a0 \u00abAntenne de Bretagne de l&rsquo;Ecole du Tantra \u00bb, qui propose dans divers lieux des stages de Yoga et de d\u00e9veloppement personnel (Tantra-Rencontre, Stages de Kundalini Yoga sur la m\u00e9ditation, les 4 \u00e9l\u00e9ments etc&#8230;), et relaye sur place les propositions et enseignements de notre Ecole.<\/span><\/span><\/span><\/p>\n<p style=\"text-align: justify;\"><span style=\"color: #000000;\"><span style=\"font-family: Tahoma, sans-serif;\"><span style=\"font-size: small;\">\u00a0<\/span><\/span><\/span><\/p>\n<p style=\"text-align: justify;\">\n","protected":false},"excerpt":{"rendered":"<p>Si vous vous connectez sur ce site pour des informations sur nos stages, cliquez sur l&rsquo;onglet \u00ab\u00a0STAGES\u00a0\u00bb, puis sur la page \u00ab\u00a0PROGRAMME ET TARIFS\u00a0\u00bb.\u00a0 Vous avez aussi, en page d&rsquo;accueil, des infos sur la partie droite de la page \u00a0ALORS,\u00a0 QUI SOMMES NOUS ? Claudie Daniel \u00a0 J\u2019ai d\u00e9couvert le Kundalini Yoga dans les ann\u00e9es [&hellip;]<\/p>\n","protected":false},"author":1,"featured_media":0,"parent":0,"menu_order":0,"comment_status":"closed","ping_status":"closed","template":"","meta":[],"_links":{"self":[{"href":"https:\/\/yoga-alegria.fr\/index.php\/wp-json\/wp\/v2\/pages\/30"}],"collection":[{"href":"https:\/\/yoga-alegria.fr\/index.php\/wp-json\/wp\/v2\/pages"}],"about":[{"href":"https:\/\/yoga-alegria.fr\/index.php\/wp-json\/wp\/v2\/types\/page"}],"author":[{"embeddable":true,"href":"https:\/\/yoga-alegria.fr\/index.php\/wp-json\/wp\/v2\/users\/1"}],"replies":[{"embeddable":true,"href":"https:\/\/yoga-alegria.fr\/index.php\/wp-json\/wp\/v2\/comments?post=30"}],"version-history":[{"count":23,"href":"https:\/\/yoga-alegria.fr\/index.php\/wp-json\/wp\/v2\/pages\/30\/revisions"}],"predecessor-version":[{"id":1312,"href":"https:\/\/yoga-alegria.fr\/index.php\/wp-json\/wp\/v2\/pages\/30\/revisions\/1312"}],"wp:attachment":[{"href":"https:\/\/yoga-alegria.fr\/index.php\/wp-json\/wp\/v2\/media?parent=30"}],"curies":[{"name":"wp","href":"https:\/\/api.w.org\/{rel}","templated":true}]}}